{"id":158,"date":"2024-03-13T17:59:26","date_gmt":"2024-03-13T17:59:26","guid":{"rendered":"https:\/\/ju-jutsu.fi\/?page_id=158"},"modified":"2024-03-13T18:02:03","modified_gmt":"2024-03-13T18:02:03","slug":"harjoitus-ajat","status":"publish","type":"page","link":"https:\/\/ju-jutsu.fi\/index.php\/harjoitus-ajat\/","title":{"rendered":"Harjoitusajat"},"content":{"rendered":"\n<figure class=\"wp-block-image size-medium is-style-default\"><img loading=\"lazy\" decoding=\"async\" width=\"300\" height=\"300\" src=\"https:\/\/ju-jutsu.fi\/wp-content\/uploads\/2024\/03\/387828198_805260351607085_2542327970789674596_n-300x300.jpg\" alt=\"\" class=\"wp-image-159\" srcset=\"https:\/\/ju-jutsu.fi\/wp-content\/uploads\/2024\/03\/387828198_805260351607085_2542327970789674596_n-300x300.jpg 300w, https:\/\/ju-jutsu.fi\/wp-content\/uploads\/2024\/03\/387828198_805260351607085_2542327970789674596_n-1024x1024.jpg 1024w, https:\/\/ju-jutsu.fi\/wp-content\/uploads\/2024\/03\/387828198_805260351607085_2542327970789674596_n-150x150.jpg 150w, https:\/\/ju-jutsu.fi\/wp-content\/uploads\/2024\/03\/387828198_805260351607085_2542327970789674596_n-768x768.jpg 768w, https:\/\/ju-jutsu.fi\/wp-content\/uploads\/2024\/03\/387828198_805260351607085_2542327970789674596_n.jpg 1336w\" sizes=\"auto, (max-width: 300px) 100vw, 300px\" \/><\/figure>\n\n\n\n<p><strong>Treenit 2024<\/strong><\/p>\n\n\n\n<p><strong>Kiipolan Tatamilla:<\/strong><\/p>\n\n\n\n<p>Ti &amp; To 18:00 \u2013 19:30<br>La 14.00 \u2013 15.30 (Kysy \/ varmista)<\/p>\n\n\n\n<p><strong>Tatami<\/strong><\/p>\n\n\n\n<p>Kiipolantie 2, Parikkala, Finland, 59100 (K\u00e4ynti pihan per\u00e4lt\u00e4 takaa ovelta. Kyll\u00e4, se on hiukan piilossa)<\/p>\n\n\n\n<p><\/p>\n","protected":false},"excerpt":{"rendered":"<p>Treenit 2024 Kiipolan Tatamilla: Ti &amp; To 18:00 \u2013 19:30La 14.00 \u2013 15.30 (Kysy \/ varmista) Tatami Kiipolantie 2, Parikkala, Finland, 59100 (K\u00e4ynti pihan per\u00e4lt\u00e4 takaa ovelta. Kyll\u00e4, se on hiukan piilossa)<\/p>\n","protected":false},"author":1,"featured_media":0,"parent":0,"menu_order":1,"comment_status":"closed","ping_status":"closed","template":"","meta":{"footnotes":""},"class_list":["post-158","page","type-page","status-publish"],"_links":{"self":[{"href":"https:\/\/ju-jutsu.fi\/index.php\/wp-json\/wp\/v2\/pages\/158","targetHints":{"allow":["GET"]}}],"collection":[{"href":"https:\/\/ju-jutsu.fi\/index.php\/wp-json\/wp\/v2\/pages"}],"about":[{"href":"https:\/\/ju-jutsu.fi\/index.php\/wp-json\/wp\/v2\/types\/page"}],"author":[{"embeddable":true,"href":"https:\/\/ju-jutsu.fi\/index.php\/wp-json\/wp\/v2\/users\/1"}],"replies":[{"embeddable":true,"href":"https:\/\/ju-jutsu.fi\/index.php\/wp-json\/wp\/v2\/comments?post=158"}],"version-history":[{"count":3,"href":"https:\/\/ju-jutsu.fi\/index.php\/wp-json\/wp\/v2\/pages\/158\/revisions"}],"predecessor-version":[{"id":164,"href":"https:\/\/ju-jutsu.fi\/index.php\/wp-json\/wp\/v2\/pages\/158\/revisions\/164"}],"wp:attachment":[{"href":"https:\/\/ju-jutsu.fi\/index.php\/wp-json\/wp\/v2\/media?parent=158"}],"curies":[{"name":"wp","href":"https:\/\/api.w.org\/{rel}","templated":true}]}}