{"id":11,"date":"2023-04-18T20:18:10","date_gmt":"2023-04-18T19:18:10","guid":{"rendered":"https:\/\/ju-jutsu.fi\/?page_id=11"},"modified":"2024-03-13T18:08:38","modified_gmt":"2024-03-13T18:08:38","slug":"etusivu","status":"publish","type":"page","link":"https:\/\/ju-jutsu.fi\/","title":{"rendered":"Parikkalan Ju-jutsu Ry"},"content":{"rendered":"\n<p>Parikkalan Ju-Jutsu on perustettu vuonna 2010. Se on yksi tuoreimmista Hokutoryu Ju-Jutsu seuroista Suomessa. Hokutoryu Ju-Jutsu on itsepuolustus -ja kamppailulaji, jonka on kehitt\u00e4nyt Soke Auvo Niiniketo 10.dan. Hokutoryu Ju-Jutsu noudattaa vanhoja it\u00e4maisia perinteit\u00e4, kuten kuria ja etiketti\u00e4 sek\u00e4 seuraa samalla nykyp\u00e4iv\u00e4n kehityst\u00e4 kyet\u00e4kseen vastaamaan oman aikansa haasteisiin. Itsepuolustustaidon lis\u00e4ksi Hokutoryu Ju-Jutsusta saa hyv\u00e4n, monipuolisen ja haastavan kuntoiluharrastuksen. Alaik\u00e4raja aikuisten peruskurssille on 15 vuotta. T\u00e4m\u00e4n lis\u00e4ksi seura j\u00e4rjest\u00e4\u00e4 tilauksesta erikoiskursseja mm. koululaisille sek\u00e4 muille erityisryhmille. <\/p>\n\n\n\n<p>Treenaamme eritt\u00e4in monipuolisesti hyv\u00e4ll\u00e4 hengell\u00e4 ja hyv\u00e4ll\u00e4 porukalla. Pid\u00e4mme mm. tyky-p\u00e4ivi\u00e4 ja k\u00e4ymme leireill\u00e4 porukalla.. T\u00e4t\u00e4 kannattaa tulla kokeilemaan!!<\/p>\n\n\n\n<p>Tervetuloa harjoittelemaan Parikkalaan!<\/p>\n\n\n\n<figure class=\"wp-block-embed is-type-video is-provider-youtube wp-block-embed-youtube wp-embed-aspect-16-9 wp-has-aspect-ratio\"><div class=\"wp-block-embed__wrapper\">\n<iframe loading=\"lazy\" title=\"Parikkalan Ju-jutsu - Hokutoryu .m4v\" width=\"1200\" height=\"675\" src=\"https:\/\/www.youtube.com\/embed\/_yPW6e4YkbU?feature=oembed\" frameborder=\"0\" allow=\"accelerometer; autoplay; clipboard-write; encrypted-media; gyroscope; picture-in-picture; web-share\" allowfullscreen><\/iframe>\n<\/div><\/figure>\n","protected":false},"excerpt":{"rendered":"<p>Parikkalan Ju-Jutsu on perustettu vuonna 2010. Se on yksi tuoreimmista Hokutoryu Ju-Jutsu seuroista Suomessa. Hokutoryu Ju-Jutsu on itsepuolustus -ja kamppailulaji, jonka on kehitt\u00e4nyt Soke Auvo Niiniketo 10.dan. Hokutoryu Ju-Jutsu noudattaa vanhoja it\u00e4maisia perinteit\u00e4, kuten kuria ja etiketti\u00e4 sek\u00e4 seuraa samalla nykyp\u00e4iv\u00e4n kehityst\u00e4 kyet\u00e4kseen vastaamaan oman aikansa haasteisiin. Itsepuolustustaidon lis\u00e4ksi Hokutoryu Ju-Jutsusta saa hyv\u00e4n, monipuolisen ja &#8230; <a title=\"Parikkalan Ju-jutsu Ry\" class=\"read-more\" href=\"https:\/\/ju-jutsu.fi\/\" aria-label=\"Read more about Parikkalan Ju-jutsu Ry\">Read more<\/a><\/p>\n","protected":false},"author":1,"featured_media":0,"parent":0,"menu_order":0,"comment_status":"closed","ping_status":"closed","template":"","meta":{"footnotes":""},"class_list":["post-11","page","type-page","status-publish"],"_links":{"self":[{"href":"https:\/\/ju-jutsu.fi\/index.php\/wp-json\/wp\/v2\/pages\/11","targetHints":{"allow":["GET"]}}],"collection":[{"href":"https:\/\/ju-jutsu.fi\/index.php\/wp-json\/wp\/v2\/pages"}],"about":[{"href":"https:\/\/ju-jutsu.fi\/index.php\/wp-json\/wp\/v2\/types\/page"}],"author":[{"embeddable":true,"href":"https:\/\/ju-jutsu.fi\/index.php\/wp-json\/wp\/v2\/users\/1"}],"replies":[{"embeddable":true,"href":"https:\/\/ju-jutsu.fi\/index.php\/wp-json\/wp\/v2\/comments?post=11"}],"version-history":[{"count":10,"href":"https:\/\/ju-jutsu.fi\/index.php\/wp-json\/wp\/v2\/pages\/11\/revisions"}],"predecessor-version":[{"id":169,"href":"https:\/\/ju-jutsu.fi\/index.php\/wp-json\/wp\/v2\/pages\/11\/revisions\/169"}],"wp:attachment":[{"href":"https:\/\/ju-jutsu.fi\/index.php\/wp-json\/wp\/v2\/media?parent=11"}],"curies":[{"name":"wp","href":"https:\/\/api.w.org\/{rel}","templated":true}]}}